is divided by r?
35
What is the remainder when 3952 is divided by (146/584)/((-3)/(-3372))?
18
Let o(p) = 7*p + 14 + 3*p - 2*p**2 - 7*p**2 - p**3 - 7*p. Let h be o(-9). Let l = 42 + h. What is the remainder when 56 is divided by l?
27
Let o = -651 + 962. Calculate the remainder when o is divided by 9.
5
Let f = 42 - -74. Let g = f + -81. Let v = g + 43. Calculate the remainder when v is divided by 27.
24
Suppose -q + 3246 = -2*g + 1235, -6*q + 4*g = -12098. Calculate the remainder when q is divided by 88.
83
Let y = 44 + -9. Let j(u) = u**3 + 35*u**2 - 79*u - 16. What is the remainder when j(-37) is divided by y?
29
Suppose 139*v + 159 = 141*v - z, 5*v = 5*z + 395. Let s = -16 + 30. Calculate the remainder when v is divided by s.
10
Suppose -2*t + 35 = 3*f + 12, -t + f - 1 = 0. Suppose 3*v + 3*q = q + 14, t = 4*q. Suppose v*o + 78 = 186. What is the remainder when 50 is divided by o?
23
Let u(q) = -5 - 32*q + 3*q + 1 + 0. Calculate the remainder when u(-4) is divided by 29.
25
Let i be ((-8)/6)/((-4)/3). Calculate the remainder when 2040/9 - (i/(-3) - 0) is divided by 23.
20
Let l(b) = 102*b + 811. Calculate the remainder when l(17) is divided by 19.
18
Let m(o) = o**2 - 111*o + 1215. Calculate the remainder when 1618 is divided by m(12).
25
Suppose -y - 17*d = -22*d - 625, 0 = y + 2*d - 660. Suppose 75*h - 73*h - y = 0. What is the remainder when h is divided by 66?
61
Let n(x) = -x**2 - 11*x + 6. Let q be n(-8). Suppose -16 = -3*s + 2*s. Calculate the remainder when s is divided by 75/q*(4 + 0).
6
Let f(y) = -7*y**2 - 8*y - 13. Let k be f(-10). Let l = k + 640. What is the remainder when 242 is divided by l?
4
Let m(f) = -f**2 + 23*f - 58. Calculate the remainder when 22301 is divided by m(14).
65
Let d = -13 - -24. Suppose 5*a - 13*f = -6*f + 145, -3*f - 116 = -4*a. What is the remainder when a is divided by d?
7
Let o(x) = 64*x. Let w be o(-1). Let f = w - -79. Suppose 5*z - 165 = -5*u, 10*u - 20 = 6*u. Calculate the remainder when z is divided by f.
13
Let s(d) = 2*d**3 + 95*d**2 - 48*d + 11. Let k be ((-102)/18 + 5)/(3/216). Calculate the remainder when 130 is divided by s(k).
9
Let y(h) = -5*h + 21. Let c be y(2). Suppose 2*q = -c*q + 507. What is the remainder when q is divided by 11?
6
Let z be 1630/45 - ((-40)/(-18) + -2). Suppose -z*m = -40*m + 728. What is the remainder when m is divided by 23?
21
Let n = -2580 + 2658. Let j be (-1 + (-2)/2)/1. Calculate the remainder when n is divided by -40*-2*j/(-8).
18
Let l = -14975 - -15091. Calculate the remainder when l is divided by 13.
12
Suppose 4*w - 44 = 24. Let v be (w/4 + -4)*8. Suppose 0 = -5*u - 2*s + 72, 4*u + 2*s + v*s - 48 = 0. Calculate the remainder when 143 is divided by u.
15
Suppose -8*v + 6 = -210. Suppose -3*o = x - 81, -7*o + v = -6*o - x. What is the remainder when 134 is divided by o?
26
Suppose 13*x = -18*x - 1891. Let b = 115 - x. Calculate the remainder when b is divided by 20.
16
Suppose 171*o + 122*o = 41*o + 70056. What is the remainder when 1152 is divided by o?
40
Calculate the remainder when 523 is divided by (5 - (-152)/(-24))/((-4)/(-9)) - -34.
27
Let g be (-8)/3 + (175/(-21) - -7). What is the remainder when g/8*(-1 + (2 - 33)) is divided by 12?
4
Let j(c) = 2*c - 6. Let r be j(8). Let n be (255/r)/3 + (-2)/4. Suppose 0 = 4*l + t - 16, 12 = 3*l + n*t - 3*t. Calculate the remainder when l is divided by 3.
1
Suppose -7 = -u + 2. Let j(m) = -m**3 + 6*m**2 - 6*m - 1. Suppose 0*w - 48 = -12*w. Calculate the remainder when u is divided by j(w).
2
Let r(w) = -3*w**3 - w**2 - w - 2. Let a = 72 + -67. Suppose 15*i = 10*i + 2*s + 193, a*s - 83 = -2*i. Calculate the remainder when i is divided by r(-2).
19
Let v = -35 - -42. Let c(s) = 5*s. Let i(d) = -d. Let u(x) = c(x) + 10*i(x). What is the remainder when u(-4) is divided by v?
6
Suppose 3*g - g = 2*r - 100, r = -2*g + 44. Let a be (-2)/(-8) - (-1044)/48. Suppose -a*t + 10*t = -300. What is the remainder when r is divided by t?
23
Suppose -2*q - 146 = 5*r - 569, 4*q - 811 = -3*r. Calculate the remainder when q is divided by (-441 - -440)/(3/(-75)).
24
Suppose -4*k - 3*z = -2*z - 1767, -k + 3*z + 445 = 0. What is the remainder when k is divided by 139?
25
Calculate the remainder when 1730 is divided by 2686/102*2 + (4/6)/(-1).
14
Suppose -3*u + 5*v + 5097 = 0, -980 = -4*u - 2*v + 5764. What is the remainder when u is divided by 22?
17
Calculate the remainder when 302 is divided by 108/16 - 80/(-64).
6
Let u(i) = 17*i + 259. Let a be u(-15). Suppose a*w + 2*h - 1354 = 0, 4*h = 5*w - 864 - 822. What is the remainder when w is divided by 10?
8
Let p(l) = l + 4*l - 17*l + 6 - 2*l**2. Let m be p(-6). Suppose -m*s + 30 = -0*s. Calculate the remainder when 8 is divided by s.
3
Suppose -99*q = -91*q - 32. Calculate the remainder when (105/28)/(105/48 - 2) is divided by q.
0
Let u be 504 - (4 + 0)*1. Suppose -5*v + u = -4*o, -5*v + o + 515 = -0*o. Suppose 10*f = 8*f + v. Calculate the remainder when f is divided by 27.
25
Let h(u) = 25*u + 158. What is the remainder when h(3) is divided by 47?
45
Suppose -51*z + 50*z + 2*p + 280 = 0, 0 = -3*p + 6. What is the remainder when 1349 is divided by z?
213
Let i = 1654 - 1571. What is the remainder when 446 is divided by i?
31
Let g = -4820 - -4907. What is the remainder when g is divided by 61?
26
Suppose -13966 = 536*u - 11304 - 64302. What is the remainder when 18856 is divided by u?
111
Suppose 21*c + 34 - 97 = 0. Suppose -c*y = -5*k - 2*y + 152, -65 = -2*k - y. What is the remainder when k is divided by 14?
3
Suppose -316 - 209 = -7*x. Calculate the remainder when 205 is divided by x.
55
Suppose 0 = 5*g - 3*k - k - 45518, 5*k + 10 = 0. Calculate the remainder when g is divided by 16.
14
Let t(n) = -4*n**2 - 254*n + 179. What is the remainder when t(-64) is divided by 7?
2
Suppose -q - 996*y = -1000*y - 40, -6 = -3*y. Calculate the remainder when 230 is divided by q.
38
Suppose 0 = -7*n + 1194 + 654. Calculate the remainder when 818 is divided by n.
26
Let b be (-1)/((-1)/2) - 2. Let m = -992 - -994. Suppose m*v = -5*c + c + 378, -3*v + c + 602 = b. What is the remainder when v is divided by 40?
39
Let g = -488 + 693. Suppose 2*s - 19 = 67. Let h = s + 9. What is the remainder when g is divided by h?
49
Suppose -4*i - 3*a = -4, 4*i + a + a - 8 = 0. Suppose -4*f + 6*f + 4*x - 24 = 0, 6 = -f + i*x. What is the remainder when 20 is divided by f?
2
Let w = -8 - -7. What is the remainder when (1 + (-428)/(-4))/(w/(-1)) is divided by 55?
53
Let h be (59 + 13)/((-2)/2). What is the remainder when -1*(-2 + 4 - 61) is divided by 1*(-5)/(40/h)?
5
Let a(k) = k**2 + 8*k + 2. Let n be ((-8)/(-16))/((-1)/8*-2). Suppose n*h = -15 + 145. What is the remainder when h is divided by a(-10)?
21
Suppose -5*x - 17*g = -20*g - 238, 5*g + 240 = 5*x. Calculate the remainder when 313 is divided by x.
31
Suppose 106*m + 2761 = 65*m + 10305. Calculate the remainder when 6071 is divided by m.
183
Let k = -696 + 856. Suppose 4*q = 3*q - 5, 5*c + 5*q = k. What is the remainder when 145 is divided by c?
34
Suppose -3*q - 4*w = -34, 0 = 11*q - 16*q - 5*w + 60. What is the remainder when 1916 is divided by q?
12
Let z(g) = -13*g - 56. Let c be (-60 + 1)*(1 + 0). Let f = 84 + c. Calculate the remainder when f is divided by z(-5).
7
Let w = 3238 + -3079. What is the remainder when w is divided by 123?
36
Let k(i) = i**2 - 106*i - 2209. Calculate the remainder when 546 is divided by k(-18).
17
Let g = 5926 + -5854. What is the remainder when 526 is divided by g?
22
Let l(j) = 2*j**2 + 10*j - 2. Let w = -96 - -89. Let g be l(w). Let n = -13 + g. Calculate the remainder when 47 is divided by n.
8
Suppose 810 = c - 2*x, 0 = -11*c - 4*x - 505 + 9441. What is the remainder when 3266 is divided by c?
18
Suppose -4*v - 4*s + 34 + 58 = 0, 2*v + 3*s - 49 = 0. Let u = -905 - -1022. What is the remainder when u is divided by v?
17
Let g(u) = -u**2 - 33*u + 448. What is the remainder when g(-30) is divided by 4?
2
Let n(w) = -83*w**3 + 26*w**2 + 60*w - 31. What is the remainder when n(-3) is divided by 749?
17
Let f(z) = 473*z**2 + 96*z + 889. What is the remainder when f(-9) is divided by 135?
133
Let c be 24 - (0 - (-3)/(-6))*0. Suppose -3*z + 3*s + c = 0, 6 = 4*s - 6. Suppose z*i = 12*i - 150. Calculate the remainder 